{"id":984,"date":"2023-11-13T10:21:49","date_gmt":"2023-11-13T09:21:49","guid":{"rendered":"https:\/\/dev.selsi.eu\/?page_id=984"},"modified":"2025-09-01T12:29:50","modified_gmt":"2025-09-01T11:29:50","slug":"knjiznica","status":"publish","type":"page","link":"https:\/\/risa.si\/risa\/dostopnost\/knjiznica\/","title":{"rendered":"Knji\u017enica"},"content":{"rendered":"<p>[et_pb_section fb_built=&#8221;1&#8243; disabled_on=&#8221;on|on|on&#8221; _builder_version=&#8221;4.27.4&#8243; _module_preset=&#8221;default&#8221; disabled=&#8221;on&#8221; global_colors_info=&#8221;{}&#8221; theme_builder_area=&#8221;post_content&#8221;][et_pb_row column_structure=&#8221;1_3,1_3,1_3&#8243; admin_label=&#8221;Row z gumbi&#8221; _builder_version=&#8221;4.27.2&#8243; _module_preset=&#8221;default&#8221; locked=&#8221;off&#8221; collapsed=&#8221;off&#8221; global_colors_info=&#8221;{}&#8221; theme_builder_area=&#8221;post_content&#8221;][et_pb_column type=&#8221;1_3&#8243; _builder_version=&#8221;4.23.1&#8243; _module_preset=&#8221;default&#8221; global_colors_info=&#8221;{}&#8221; theme_builder_area=&#8221;post_content&#8221;][et_pb_blurb image=&#8221;https:\/\/risa.si\/risa\/wp-content\/uploads\/2024\/12\/20-minut.webp&#8221; admin_label=&#8221;ime gumba&#8221; _builder_version=&#8221;4.27.4&#8243; _dynamic_attributes=&#8221;link_option_url&#8221; _module_preset=&#8221;d17bca48-5a60-4c49-8983-805b0bbe1999&#8243; link_option_url=&#8221;@ET-DC@eyJkeW5hbWljIjp0cnVlLCJjb250ZW50IjoicG9zdF9saW5rX3VybF9wYWdlIiwic2V0dGluZ3MiOnsicG9zdF9pZCI6Ijk4MiJ9fQ==@&#8221; box_shadow_style_image=&#8221;preset1&#8243; global_colors_info=&#8221;{}&#8221; theme_builder_area=&#8221;post_content&#8221;]<\/p>\n<p>\u010casopis<br \/>20 minut<\/p>\n<p>[\/et_pb_blurb][\/et_pb_column][et_pb_column type=&#8221;1_3&#8243; _builder_version=&#8221;4.23.1&#8243; _module_preset=&#8221;default&#8221; global_colors_info=&#8221;{}&#8221; theme_builder_area=&#8221;post_content&#8221;][et_pb_blurb image=&#8221;https:\/\/risa.si\/risa\/wp-content\/uploads\/2024\/12\/risje-knjige.webp&#8221; admin_label=&#8221;ime gumba&#8221; _builder_version=&#8221;4.27.4&#8243; _dynamic_attributes=&#8221;link_option_url&#8221; _module_preset=&#8221;d17bca48-5a60-4c49-8983-805b0bbe1999&#8243; link_option_url=&#8221;@ET-DC@eyJkeW5hbWljIjp0cnVlLCJjb250ZW50IjoicG9zdF9saW5rX3VybF9wYWdlIiwic2V0dGluZ3MiOnsicG9zdF9pZCI6IjM5ODQifX0=@&#8221; box_shadow_style_image=&#8221;preset1&#8243; global_colors_info=&#8221;{}&#8221; theme_builder_area=&#8221;post_content&#8221;]<\/p>\n<p>Risje knjige<br \/>v lahkem branju<\/p>\n<p>[\/et_pb_blurb][\/et_pb_column][et_pb_column type=&#8221;1_3&#8243; _builder_version=&#8221;4.23.1&#8243; _module_preset=&#8221;default&#8221; global_colors_info=&#8221;{}&#8221; theme_builder_area=&#8221;post_content&#8221;][et_pb_blurb image=&#8221;https:\/\/risa.si\/risa\/wp-content\/uploads\/2023\/11\/cklb-reference.jpg&#8221; admin_label=&#8221;ime gumba&#8221; _builder_version=&#8221;4.27.4&#8243; _module_preset=&#8221;d17bca48-5a60-4c49-8983-805b0bbe1999&#8243; box_shadow_style_image=&#8221;preset1&#8243; global_colors_info=&#8221;{}&#8221; theme_builder_area=&#8221;post_content&#8221;]<\/p>\n<p>Naziv gumba<\/p>\n<p>[\/et_pb_blurb][\/et_pb_column][\/et_pb_row][et_pb_row admin_label=&#8221;Row divider&#8221; _builder_version=&#8221;4.27.4&#8243; _module_preset=&#8221;default&#8221; global_colors_info=&#8221;{}&#8221; theme_builder_area=&#8221;post_content&#8221;][et_pb_column type=&#8221;4_4&#8243; _builder_version=&#8221;4.27.4&#8243; _module_preset=&#8221;default&#8221; global_colors_info=&#8221;{}&#8221; theme_builder_area=&#8221;post_content&#8221;][et_pb_divider _builder_version=&#8221;4.27.4&#8243; _module_preset=&#8221;default&#8221; global_colors_info=&#8221;{}&#8221; theme_builder_area=&#8221;post_content&#8221;][\/et_pb_divider][\/et_pb_column][\/et_pb_row][et_pb_row admin_label=&#8221;Row vsebina&#8221; _builder_version=&#8221;4.27.4&#8243; _module_preset=&#8221;default&#8221; global_colors_info=&#8221;{}&#8221; theme_builder_area=&#8221;post_content&#8221;][et_pb_column type=&#8221;4_4&#8243; _builder_version=&#8221;4.27.4&#8243; _module_preset=&#8221;default&#8221; global_colors_info=&#8221;{}&#8221; theme_builder_area=&#8221;post_content&#8221;][et_pb_text admin_label=&#8221;Text 1&#8243; _builder_version=&#8221;4.27.4&#8243; _module_preset=&#8221;default&#8221; global_colors_info=&#8221;{}&#8221; theme_builder_area=&#8221;post_content&#8221;]<\/p>\n<h3>Podnaslov v text module&lt;H2&gt;<br \/>Podnaslov v text module&lt;h3&gt;<\/h3>\n<p>Tu je besedilo.<br \/>SHIFT+ENTER<\/p>\n<p>ENTER<\/p>\n<p>v modulu oblikuj besedilo. Na strani lahko vstavlja\u0161 ve\u010d text modulov. Med dva text modula lahko da\u0161 druge module, kot npr. slika, divider, Person module, gumb module, blog,&#8230;\u00a0<\/p>\n<p>[\/et_pb_text][et_pb_team_member name=&#8221;Primer modula Person&#8221; position=&#8221;Podnaslov modula Person&#8221; image_url=&#8221;https:\/\/risa.si\/risa\/wp-content\/uploads\/2024\/12\/projekt-GENERAL-LOGO.jpg&#8221; _builder_version=&#8221;4.27.4&#8243; _module_preset=&#8221;_initial&#8221; global_colors_info=&#8221;{}&#8221; theme_builder_area=&#8221;post_content&#8221;]<\/p>\n<p>Your content goes here. Edit or remove this text inline or in the module Content settings. You can also style every aspect of this content in the module Design settings and even apply custom CSS to this text in the module Advanced settings.<\/p>\n<p>[\/et_pb_team_member][et_pb_text admin_label=&#8221;Text 2&#8243; _builder_version=&#8221;4.27.4&#8243; _module_preset=&#8221;default&#8221; inline_fonts=&#8221;Aboreto&#8221; global_colors_info=&#8221;{}&#8221; theme_builder_area=&#8221;post_content&#8221;]<\/p>\n<p>Tu nadaljujem z novim Text modulom. Recimo posamezno <strong>bedsedo<\/strong> ali del <span style=\"text-decoration: underline;\"><em>besedila<\/em> <\/span>lahko <span style=\"font-family: Aboreto; font-weight: normal;\"><span style=\"color: #ff0000;\">oblikujemo<\/span> <\/span>po \u017eelji.<img decoding=\"async\" src=\"https:\/\/risa.si\/risa\/wp-content\/themes\/Divi\/includes\/builder\/frontend-builder\/assets\/vendors\/plugins\/emoticons\/img\/smiley-cool.gif\" alt=\"cool\" \/><\/p>\n<p>Lahko samo <a href=\"http:\/\/www.rtvslo.si\" target=\"_blank\" rel=\"noopener\">link RTVSLO<\/a>.<\/p>\n<p>Naredimo seznam:<\/p>\n<ul>\n<li>Tomo<\/li>\n<li>Lili<\/li>\n<li>Pepi<\/li>\n<\/ul>\n<p>Vstavimo sliko:<\/p>\n<p><img loading=\"lazy\" decoding=\"async\" src=\"https:\/\/risa.si\/risa\/wp-content\/uploads\/2024\/12\/knjiznica.webp\" width=\"165\" height=\"165\" alt=\"\" class=\"wp-image-3903 alignnone size-full\" \/><\/p>\n<p>Damo sliko desno od besedila.<br \/>To naredimo izven modula, na sami strani.<\/p>\n<p style=\"text-align: center;\">Besedilo usredinimo<\/p>\n<p>Je pa kar potrebne \u010das,<img loading=\"lazy\" decoding=\"async\" src=\"https:\/\/risa.si\/risa\/wp-content\/uploads\/2024\/12\/projekt-lahko-je-brati.png\" width=\"111\" height=\"111\" alt=\"\" class=\"wp-image-3887 alignnone size-full\" style=\"font-size: 16px; background-color: #ffffff; letter-spacing: 0.64px; float: right;\" srcset=\"https:\/\/risa.si\/risa\/wp-content\/uploads\/2024\/12\/projekt-lahko-je-brati.png 400w, https:\/\/risa.si\/risa\/wp-content\/uploads\/2024\/12\/projekt-lahko-je-brati-300x300.png 300w, https:\/\/risa.si\/risa\/wp-content\/uploads\/2024\/12\/projekt-lahko-je-brati-150x150.png 150w, https:\/\/risa.si\/risa\/wp-content\/uploads\/2024\/12\/projekt-lahko-je-brati-100x100.png 100w\" sizes=\"(max-width: 111px) 100vw, 111px\" \/>da pravilno poravnamo sliko<br \/>s potegom na<br \/>ustrezno mesto.<\/p>\n<p>&nbsp;<\/p>\n<p>[\/et_pb_text][\/et_pb_column][\/et_pb_row][\/et_pb_section][et_pb_section fb_built=&#8221;1&#8243; disabled_on=&#8221;on|on|on&#8221; admin_label=&#8221;Stran v pripravi&#8221; _builder_version=&#8221;4.27.4&#8243; _module_preset=&#8221;default&#8221; disabled=&#8221;on&#8221; global_colors_info=&#8221;{}&#8221; theme_builder_area=&#8221;post_content&#8221;][et_pb_row _builder_version=&#8221;4.27.4&#8243; _module_preset=&#8221;default&#8221; global_colors_info=&#8221;{}&#8221; theme_builder_area=&#8221;post_content&#8221;][et_pb_column type=&#8221;4_4&#8243; _builder_version=&#8221;4.27.4&#8243; _module_preset=&#8221;default&#8221; global_colors_info=&#8221;{}&#8221; theme_builder_area=&#8221;post_content&#8221;][et_pb_text _builder_version=&#8221;4.27.4&#8243; _module_preset=&#8221;default&#8221; global_colors_info=&#8221;{}&#8221; theme_builder_area=&#8221;post_content&#8221;]<\/p>\n<p>Stran je v pripravi.<\/p>\n<p>[\/et_pb_text][\/et_pb_column][\/et_pb_row][\/et_pb_section][et_pb_section fb_built=&#8221;1&#8243; _builder_version=&#8221;4.27.4&#8243; _module_preset=&#8221;330a0b41-34a4-48bc-9cb9-3710a95697d2&#8243; custom_margin=&#8221;||||false|false&#8221; custom_padding=&#8221;||||false|true&#8221; hover_enabled=&#8221;0&#8243; global_colors_info=&#8221;{}&#8221; theme_builder_area=&#8221;post_content&#8221; admin_label=&#8221;BLOG&#8221; locked=&#8221;off&#8221; sticky_enabled=&#8221;0&#8243;][et_pb_row admin_label=&#8221;ROW_post list&#8221; _builder_version=&#8221;4.27.4&#8243; _module_preset=&#8221;614b37ab-2746-4a67-8bca-c04736abec61&#8243; custom_padding=&#8221;||||false|false&#8221; custom_css_free_form=&#8221;\/*add media query so changes only affect tablet and desktop*\/||||@media (min-width: 767px) {||||\/*set the image width*\/||||.pa-blog-list .entry-featured-image-url,||.et_pb_post img {||width: 20%;||float: left;||margin-bottom: 0!important;||}||||\/*set the details width*\/||||.et_pb_post .entry-title,||.et_pb_post .post-meta,||.et_pb_post .post-content {||width: 80%;||float: left;||padding-left: 30px;||}||  ||.et_pb_post {||\tmargin-top: -20px;||\t\/*padding-top: 0px;*\/||  margin-bottom: 60px;||  padding-bottom: 20px;||\tborder-bottom: 1px solid #CCCCCC!important;||\/*background: #FFFF00;*\/||} ||||}||\/*style the individual posts*\/||\/*adding spacing around them, a border radius, and a box shadow.||.et_pb_post {||box-shadow: 0px 2px 80px 0px rgba(160,190,212,0.22);  ||border-radius: 6px;||padding: 60px;||}||*\/||||&#8221; global_colors_info=&#8221;{}&#8221; theme_builder_area=&#8221;post_content&#8221;][et_pb_column type=&#8221;4_4&#8243; admin_label=&#8221;COL_post list&#8221; _builder_version=&#8221;4.27.4&#8243; _module_preset=&#8221;2fdd76f6-8c64-40ba-be0e-67c8fcc0efce&#8221; global_colors_info=&#8221;{}&#8221; theme_builder_area=&#8221;post_content&#8221;][et_pb_blog posts_number=&#8221;20&#8243; include_categories=&#8221;40&#8243; meta_date=&#8221;d. m. Y&#8221; show_more=&#8221;on&#8221; show_author=&#8221;off&#8221; show_categories=&#8221;off&#8221; admin_label=&#8221;MOD_Blog&#8221; _builder_version=&#8221;4.27.4&#8243; _module_preset=&#8221;default&#8221; body_text_color=&#8221;gcid-body-color&#8221; meta_font=&#8221;||||||||&#8221; meta_text_color=&#8221;gcid-ba1c26bd-1dcb-43e8-80ca-70ddfafe23f8&#8243; read_more_text_color=&#8221;#2C8DB0&#8243; custom_margin=&#8221;0px||0px||true|false&#8221; custom_padding=&#8221;0px||0px||true|false&#8221; hover_enabled=&#8221;0&#8243; custom_css_title=&#8221;margin-top: 0px;||position: relative;||left: -0px;&#8221; custom_css_content=&#8221;margin-top: 10px;||position: relative;||left: 0px;||top: -5px;&#8221; custom_css_post_meta=&#8221;margin-top: -10px;||position: relative;||left: 0px;&#8221; custom_css_read_more=&#8221;position: relative;||top: -10px;||left: 0px;&#8221; border_color_bottom_fullwidth=&#8221;RGBA(255,255,255,0)&#8221; box_shadow_style_image=&#8221;preset3&#8243; global_colors_info=&#8221;{%22gcid-ba1c26bd-1dcb-43e8-80ca-70ddfafe23f8%22:%91%22meta_text_color%22%93,%22gcid-body-color%22:%91%22body_text_color%22%93}&#8221; theme_builder_area=&#8221;post_content&#8221; sticky_enabled=&#8221;0&#8243;][\/et_pb_blog][et_pb_code disabled_on=&#8221;on|on|on&#8221; admin_label=&#8221;Code-comments&#8221; _builder_version=&#8221;4.27.2&#8243; _module_preset=&#8221;default&#8221; disabled=&#8221;on&#8221; global_colors_info=&#8221;{}&#8221; theme_builder_area=&#8221;post_content&#8221;]<!--<!-- [et_pb_line_break_holder] -->URL for post list layout inspiration: https:\/\/www.peeayecreative.com\/how-to-change-the-divi-blog-module-into-a-list-layout\/<!-- [et_pb_line_break_holder] -->Page CSS added on ROW<!-- [et_pb_line_break_holder] -->&#8211;>[\/et_pb_code][\/et_pb_column][\/et_pb_row][\/et_pb_section]<\/p>\n","protected":false},"excerpt":{"rendered":"<p>\u010casopis20 minutRisje knjigev lahkem branjuNaziv gumbaPodnaslov v text module&lt;H2&gt;Podnaslov v text module&lt;h3&gt; Tu je besedilo.SHIFT+ENTER ENTER v modulu oblikuj besedilo. Na strani lahko vstavlja\u0161 ve\u010d text modulov. Med dva text modula lahko da\u0161 druge module, kot npr. slika, divider, Person module, gumb module, blog,&#8230;\u00a0Your content goes here. Edit or remove this text inline or in [&hellip;]<\/p>\n","protected":false},"author":1,"featured_media":0,"parent":829,"menu_order":0,"comment_status":"closed","ping_status":"closed","template":"","meta":{"_et_pb_use_builder":"on","_et_pb_old_content":"","_et_gb_content_width":"","footnotes":""},"folder":[19],"class_list":["post-984","page","type-page","status-publish","hentry"],"_links":{"self":[{"href":"https:\/\/risa.si\/risa\/wp-json\/wp\/v2\/pages\/984","targetHints":{"allow":["GET"]}}],"collection":[{"href":"https:\/\/risa.si\/risa\/wp-json\/wp\/v2\/pages"}],"about":[{"href":"https:\/\/risa.si\/risa\/wp-json\/wp\/v2\/types\/page"}],"author":[{"embeddable":true,"href":"https:\/\/risa.si\/risa\/wp-json\/wp\/v2\/users\/1"}],"replies":[{"embeddable":true,"href":"https:\/\/risa.si\/risa\/wp-json\/wp\/v2\/comments?post=984"}],"version-history":[{"count":14,"href":"https:\/\/risa.si\/risa\/wp-json\/wp\/v2\/pages\/984\/revisions"}],"predecessor-version":[{"id":4711,"href":"https:\/\/risa.si\/risa\/wp-json\/wp\/v2\/pages\/984\/revisions\/4711"}],"up":[{"embeddable":true,"href":"https:\/\/risa.si\/risa\/wp-json\/wp\/v2\/pages\/829"}],"wp:attachment":[{"href":"https:\/\/risa.si\/risa\/wp-json\/wp\/v2\/media?parent=984"}],"wp:term":[{"taxonomy":"folder","embeddable":true,"href":"https:\/\/risa.si\/risa\/wp-json\/wp\/v2\/folder?post=984"}],"curies":[{"name":"wp","href":"https:\/\/api.w.org\/{rel}","templated":true}]}}